inder when 4764624 is divided by 1588204.
12
Calculate the remainder when 16079 is divided by 51.
14
Calculate the remainder when 6779 is divided by 39.
32
Calculate the remainder when 670480 is divided by 134095.
5
Calculate the remainder when 5553 is divided by 691.
25
What is the remainder when 6823 is divided by 189?
19
Calculate the remainder when 5945 is divided by 1484.
9
Calculate the remainder when 125808 is divided by 1165.
1153
Calculate the remainder when 6573 is divided by 6460.
113
What is the remainder when 5662 is divided by 806?
20
Calculate the remainder when 22243 is divided by 247.
13
What is the remainder when 27329 is divided by 30?
29
Calculate the remainder when 3052 is divided by 29.
7
What is the remainder when 658738 is divided by 20?
18
Calculate the remainder when 141 is divided by 70.
1
What is the remainder when 165533 is divided by 282?
281
Calculate the remainder when 1314 is divided by 50.
14
Calculate the remainder when 13239 is divided by 1853.
268
What is the remainder when 4144 is divided by 7?
0
Calculate the remainder when 36419 is divided by 133.
110
What is the remainder when 9968 is divided by 12?
8
Calculate the remainder when 12913 is divided by 100.
13
Calculate the remainder when 4947 is divided by 4838.
109
Calculate the remainder when 949 is divided by 197.
161
What is the remainder when 53645 is divided by 593?
275
Calculate the remainder when 12169 is divided by 169.
1
What is the remainder when 4129 is divided by 17?
15
Calculate the remainder when 159561 is divided by 160.
41
Calculate the remainder when 910 is divided by 35.
0
Calculate the remainder when 36653 is divided by 29.
26
What is the remainder when 71562 is divided by 11925?
12
Calculate the remainder when 47163 is divided by 37.
25
Calculate the remainder when 5738 is divided by 147.
5
Calculate the remainder when 2595 is divided by 122.
33
Calculate the remainder when 1533 is divided by 127.
9
What is the remainder when 858 is divided by 190?
98
What is the remainder when 7142 is divided by 94?
92
What is the remainder when 224763 is divided by 74921?
0
Calculate the remainder when 181503 is divided by 423.
36
Calculate the remainder when 40221 is divided by 1032.
1005
What is the remainder when 267455 is divided by 1311?
11
What is the remainder when 119614 is divided by 8?
6
Calculate the remainder when 93668 is divided by 1007.
17
What is the remainder when 16607 is divided by 924?
899
What is the remainder when 2064 is divided by 496?
80
What is the remainder when 256 is divided by 5?
1
Calculate the remainder when 35167 is divided by 1742.
327
What is the remainder when 53648 is divided by 7658?
42
What is the remainder when 2224136 is divided by 20?
16
Calculate the remainder when 9537 is divided by 289.
0
What is the remainder when 37303 is divided by 429?
409
What is the remainder when 2849 is divided by 46?
43
Calculate the remainder when 1181 is divided by 358.
107
What is the remainder when 16337 is divided by 959?
34
What is the remainder when 33538 is divided by 2579?
11
Calculate the remainder when 1519 is divided by 495.
34
What is the remainder when 32335 is divided by 73?
69
What is the remainder when 265 is divided by 45?
40
What is the remainder when 420 is divided by 18?
6
Calculate the remainder when 3899 is divided by 1945.
9
Calculate the remainder when 11535 is divided by 1051.
1025
What is the remainder when 42941 is divided by 7153?
23
Calculate the remainder when 4570 is divided by 1056.
346
What is the remainder when 505 is divided by 497?
8
Calculate the remainder when 4193 is divided by 236.
181
What is the remainder when 13895 is divided by 13859?
36
What is the remainder when 42133 is divided by 826?
7
Calculate the remainder when 1453346 is divided by 38.
36
Calculate the remainder when 320 is divided by 237.
83
What is the remainder when 3982 is divided by 1308?
58
What is the remainder when 1423 is divided by 1392?
31
Calculate the remainder when 38876 is divided by 3.
2
Calculate the remainder when 2457569 is divided by 23.
19
What is the remainder when 64076 is divided by 276?
44
What is the remainder when 14303 is divided by 188?
15
Calculate the remainder when 71057 is divided by 103.
90
What is the remainder when 38448 is divided by 50?
48
What is the remainder when 9336 is divided by 1065?
816
What is the remainder when 336 is divided by 131?
74
What is the remainder when 37142 is divided by 17?
14
What is the remainder when 29488 is divided by 871?
745
What is the remainder when 848048 is divided by 868?
12
Calculate the remainder when 583778 is divided by 583771.
7
What is the remainder when 88263 is divided by 224?
7
Calculate the remainder when 30168 is divided by 70.
68
Calculate the remainder when 24155 is divided by 3446.
33
What is the remainder when 32821 is divided by 1122?
283
Calculate the remainder when 33816 is divided by 1091.
1086
What is the remainder when 9912 is divided by 2461?
68
Calculate the remainder when 286049 is divided by 95334.
47
Calculate the remainder when 4359 is divided by 89.
87
Calculate the remainder when 1687885 is divided by 669.
667
What is the remainder when 171269 is divided by 1105?
1099
What is the remainder when 3752033 is divided by 22?
21
Calculate the remainder when 357270 is divided by 53.
50
Calculate the remainder when 2019390 is divided by 531.
528
Calculate the remainder when 1000591 is divided by 293.
289
What is the remainder when 220 is divided by 189?
31
What is the remainder when 69108 is divided by 69100?
8
What is the remainder when 169616 is divided by 1203?
1196
Calculate the remainder when 3746 is divided by 1791.
164
Calculate the remainder when 334499 is divided by 11946.
11
Calculate the remainder when 41380 is divided by 3754.
86
Calculate the remainder when 2694 is divided by 288.
102
What is the remainder when 182472 is divided by 225?
222
What is the remainder when 28973 is divided by 852?
5
What is the remainder when 34504 is divided by 9?
7
What is the remainder when 1470 is divided by 34?
8
What is the remainder when 95462 is divided by 7342?
16
Calculate the remainder when 19751 is divided by 98.
53
What is the remainder when 156 is divided by 14?
2
What is the remainder when 3151 is divided by 149?
22
Calculate the remainder when 5500 is divided by 1173.
808
Calculate the remainder when 604382 is divided by 29.
22
Calculate the remainder when 20349 is divided by 43.
10
Calculate the remainder when 15744 is divided by 131.
24
Calculate the remainder when 147192 is divided by 30.
12
What is the remainder when 175027 is divided by 94?
93
What is the remainder when 33007 is divided by 10993?
28
Calculate the remainder when 28370 is divided by 48.
2
Calculate the remainder when 3296 is divided by 122.
2
Calculate the remainder when 20529 is divided by 759.
36
What is the remainder when 5820 is divided by 70?
10
What is the remainder when 146215 is divided by 14614?
75
What is the remainder when 226254 is divided by 270?
264
What is the remainder when 7810 is divided by 866?
16
Calculate the remainder when 59314 is divided by 409.
9
Calculate the remainder when 14613 is divided by 348.
345
What is the remainder when 28663 is divided by 5731?
8
Calculate the remainder when 15839 is divided by 2024.
1671
What is the remainder when 9017 is divided by 348?
317
What is the remainder when 12510 is divided by 68?
66
What is the remainder when 10934 is divided by 304?
294
Calculate the remainder when 26145 is divided by 374.
339
What is the remainder when 6061 is divided by 552?
541
What is the remainder when 2261 is divided by 407?
226
Calculate the remainder when 1123 is divided by 8.
3
What is the remainder when 99249 is divided by 1909?
1890
What is the remainder when 8461 is divided by 2?
1
Calculate the remainder when 44007 is divided by 1299.
1140
Calculate the remainder when 499563 is divided by 249777.
9
Calculate the remainder when 13532 is divided by 196.
8
What is the remainder when 74345 is divided by 24?
17
What is the remainder when 88036 is divided by 72?
52
What is the remainder when 2732 is divided by 751?
479
What is the remainder when 85831 is divided by 94?
9
Calculate the remainder when 10253 is divide